 factor of 5429094?
True
Does 20 divide 1660986?
False
Is 45 a factor of 3119215?
False
Does 27 divide 2830527?
False
Is 12656 a multiple of 17?
False
Is 185518 a multiple of 23?
True
Is 8 a factor of 1732262?
False
Does 12 divide 1056857?
False
Does 8 divide 69936?
True
Is 12 a factor of 8479130?
False
Is 13 a factor of 7048014?
False
Is 4194279 a multiple of 681?
True
Is 79 a factor of 1470347?
False
Is 393 a factor of 4805604?
True
Is 48427 a multiple of 79?
True
Is 2 a factor of 551952?
True
Is 139 a factor of 70056?
True
Is 46 a factor of 3563528?
True
Does 9 divide 29988?
True
Does 231 divide 505890?
True
Is 7 a factor of 2841981?
False
Does 4 divide 82842?
False
Does 476 divide 919457?
False
Does 43 divide 1081076?
False
Is 3 a factor of 282942?
True
Does 8 divide 290488?
True
Does 17 divide 706937?
False
Does 5 divide 907180?
True
Is 266 a factor of 151886?
True
Does 30 divide 15990?
True
Does 68 divide 205285?
False
Is 85 a factor of 511684?
False
Is 38 a factor of 1742832?
True
Does 56 divide 6944?
True
Does 18 divide 443412?
True
Does 8 divide 355364?
False
Is 376 a factor of 673453?
False
Is 3 a factor of 1202702?
False
Is 4684 a multiple of 4?
True
Is 151 a factor of 86620?
False
Does 18 divide 30528?
True
Is 12067544 a multiple of 111?
False
Does 44 divide 4625060?
True
Is 17 a factor of 32236973?
False
Is 17 a factor of 1339102?
False
Is 364948 a multiple of 9?
False
Is 25 a factor of 168675?
True
Is 297387 a multiple of 191?
True
Is 2243834 a multiple of 46?
True
Is 185365 a multiple of 36?
False
Does 73 divide 2374163?
False
Is 3977266 a multiple of 388?
False
Is 130 a factor of 655084?
False
Is 313 a factor of 2622627?
True
Is 25098148 a multiple of 15?
False
Is 580203 a multiple of 351?
True
Does 8 divide 347357?
False
Is 26 a factor of 45411?
False
Is 6528150 a multiple of 210?
False
Is 394061 a multiple of 631?
False
Is 687 a factor of 22999386?
True
Is 265 a factor of 820050?
False
Is 82229 a multiple of 288?
False
Is 1357279 a multiple of 326?
False
Does 12 divide 128892?
True
Is 594828 a multiple of 26?
True
Is 32 a factor of 46333?
False
Does 22 divide 204308?
False
Is 1252765 a multiple of 32?
False
Does 15 divide 10144605?
True
Is 1123635 a multiple of 519?
True
Is 375336 a multiple of 312?
True
Is 5706790 a multiple of 31?
True
Is 1401529 a multiple of 34?
False
Does 140 divide 1642246?
False
Is 3993993 a multiple of 14?
False
Does 196 divide 14308?
True
Is 135970 a multiple of 61?
False
Is 408072 a multiple of 13?
False
Is 428 a factor of 993816?
True
Does 140 divide 237804?
False
Is 15 a factor of 621660?
True
Does 112 divide 112224?
True
Does 16 divide 3229188?
False
Does 63 divide 160473?
False
Does 1097 divide 10403948?
True
Does 4 divide 38045?
False
Is 6 a factor of 465570?
True
Is 406 a factor of 133964?
False
Does 272 divide 2328320?
True
Is 1160359 a multiple of 154?
False
Is 474020 a multiple of 10?
True
Does 25 divide 87322?
False
Does 15 divide 444016?
False
Is 45 a factor of 1545565?
False
Is 5 a factor of 244165?
True
Is 16 a factor of 9634167?
False
Does 20 divide 116440?
True
Is 30 a factor of 1690889?
False
Does 73 divide 319083?
True
Does 809 divide 2077399?
False
Is 8880 a multiple of 80?
True
Is 199580 a multiple of 10?
True
Does 47 divide 185403?
False
Does 17 divide 6034133?
True
Does 11 divide 6447325?
False
Is 3885645 a multiple of 83?
True
Is 6710901 a multiple of 46?
False
Does 19 divide 164990?
False
Is 1256661 a multiple of 61?
True
Is 9 a factor of 1007581?
False
Does 173 divide 2691900?
False
Does 394 divide 3183914?
True
Is 20614 a multiple of 46?
False
Does 290 divide 8701929?
False
Is 13 a factor of 223665?
True
Does 34 divide 1270884?
False
Does 31 divide 33714?
False
Does 24 divide 104040?
True
Is 12 a factor of 4781510?
False
Is 9175310 a multiple of 512?
False
Is 266666 a multiple of 33?
False
Is 6 a factor of 18570?
True
Is 2166283 a multiple of 13?
False
Does 9 divide 783882?
True
Is 23 a factor of 179262?
True
Does 887 divide 1134473?
True
Does 139 divide 3187826?
True
Does 114 divide 1140?
True
Does 4 divide 13808?
True
Does 223 divide 127826?
False
Does 28 divide 2684416?
True
Is 94365 a multiple of 456?
False
Is 10 a factor of 745070?
True
Does 231 divide 856492?
False
Is 15 a factor of 137887?
False
Is 217687 a multiple of 11?
False
Is 6717381 a multiple of 71?
True
Is 25 a factor of 1222752?
False
Does 125 divide 468875?
True
Is 11247 a multiple of 163?
True
Does 1143 divide 9913173?
False
Is 487 a factor of 17887141?
False
Is 30732951 a multiple of 159?
True
Is 26 a factor of 3066778?
True
Does 35 divide 21280?
True
Does 16 divide 79398?
False
Is 182783 a multiple of 987?
False
Is 5 a factor of 12736?
False
Does 934 divide 6562284?
True
Does 75 divide 8534420?
False
Does 18 divide 478206?
True
Is 745950 a multiple of 150?
True
Is 160748 a multiple of 186?
False
Is 132 a factor of 135564?
True
Is 203 a factor of 1237321?
False
Does 20 divide 103240?
True
Does 354 divide 147264?
True
Is 192 a factor of 161856?
True
Is 33866 even?
True
Does 101 divide 318910?
False
Is 11 a factor of 331845?
False
Is 129085 a multiple of 5?
True
Does 146 divide 19564?
True
Is 12235317 a multiple of 121?
False
Does 362 divide 14934310?
True
Does 12 divide 589987?
False
Does 146 divide 1573404?
False
Does 793 divide 408395?
True
Does 509 divide 5288156?
False
Is 140 a factor of 741712?
False
Does 37 divide 3282270?
True
Does 194 divide 3055112?
True
Is 889 a factor of 2555875?
True
Is 756 a factor of 318276?
True
Is 2064972 a multiple of 93?
True
Does 14 divide 3070277?
False
Is 3878226 a multiple of 188?
False
Is 1701264 a multiple of 314?
False
Does 4 divide 1641036?
True
Is 336048 a multiple of 202?
False
Is 149470 a multiple of 45?
False
Is 533 a factor of 3296963?
False
Is 2 a factor of 593801?
False
Is 9818575 a multiple of 65?
True
Is 584067 even?
False
Is 30871 a multiple of 202?
False
Does 67 divide 21440?
True
Does 12 divide 60241?
False
Does 399 divide 220592?
False
Is 2726437 a multiple of 137?
True
Is 19347203 a multiple of 748?
False
Does 153 divide 285957?
True
Does 409 divide 397376?
False
Is 283 a factor of 402143?
True
Is 81600 a multiple of 102?
True
Is 17100 a multiple of 75?
True
Is 345 a factor of 1262212?
False
Is 610072 a multiple of 6?
False
Does 48 divide 480528?
True
Is 92352 a multiple of 15?
False
Is 1233 a factor of 2511621?
True
Is 262715 a multiple of 164?
False
Does 8 divide 3156478?
False
Is 497801 a multiple of 143?
False
Is 16996694 a multiple of 67?
True
Is 14591550 a multiple of 188?
False
Is 137 a factor of 12629742?
False
Is 114310 a multiple of 12?
False
Is 16730169 a multiple of 446?
False
Does 296 divide 168468?
False
Is 12 a factor of 4564895?
False
Is 37153 a multiple of 311?
False
Is 89 a factor of 213511?
True
Is 21 a factor of 903539?
False
Is 2 a factor of 134676?
True
Does 420 divide 273273?
False
Is 40 a factor of 21880?
True
Is 139116 a multiple of 5?
False
Is 22 a factor of 35869?
False
Does 22 divide 199166?
True
Is 1071858 a multiple of 50?
False
Does 2 divide 23348?
True
Does 11 divide 8982848?
False
Is 98 a factor of 131124?
True
Is 13 a factor of 3036436?
True
Is 264747 a multiple of 249?
False
Is 478660 a multiple of 65?
True
Does 70 divide 1078630?
True
Is 51 a factor of 752760?
True
Does 142 divide 4468598?
True
Does 34 divide 375360?
True
Is 870727 a multiple of 31?
False
Does 1380 divide 8918645?
False
Does 15 divide 20047155?
True
Is 299 a factor of 21528?
True
Does 2 divide 47770?
True
Is 5094594 a multiple of 17?
True
Is 974284 a multiple of 58?
True
Is 17 a factor of 43274?
False
Is 13261951 a multiple of 69?
False
Is 17360 a multiple of 248?
True
Is 348847 a multiple of 29?
False
Is 351645 a multiple of 85?
True
Is 292 a factor of 628569?
False
Does 1011 divide 2131188?
True
Does 17 divide 4920871?
True
Is 188 a factor of 196132?
False
Does 9 divide 960939?
True
Is 429041 a multiple of 175?
False
Is 222 a factor of 2286656?
False
Is 2977501 a multiple of 37?
True
Does 419 divide 4916401?
False
Is 884 a factor of 231608?
True
Does 200 divide 245387?
False
Is 5973747 a multiple of 47?
True
Is 79 a factor of 280134?
True
Does 255 divide 474587?
False
Does 149 divide 3147923?
True
Is 47 a factor of 99823?
False
Is 152 a fact